{"id":376,"date":"2017-12-05T14:37:03","date_gmt":"2017-12-05T16:37:03","guid":{"rendered":"http:\/\/www.grupomodulo.com.br\/novo\/?page_id=376"},"modified":"2021-08-26T17:42:57","modified_gmt":"2021-08-26T20:42:57","slug":"consorcio-new-holland","status":"publish","type":"page","link":"https:\/\/www.grupomodulo.com.br\/novo\/consorcio-new-holland\/","title":{"rendered":"Cons\u00f3rcio New Holland"},"content":{"rendered":"<h1 class=\"font-36 weight-bold montserrat uppercase white-color mb-20\">Cons\u00f3rcio New Holland<\/h1>\n<p style=\"text-align: justify; font-size: 18px;\">Adaptando-se ao mercado em que atua e criando m\u00faltiplas facilidades a cada per\u00edodo que atravessa, o cons\u00f3rcio New Holland posiciona-se em lugar de destaque, por ser a certeza do melhor neg\u00f3cio.<\/p>\n<p style=\"text-align: justify; font-size: 18px;\">No cons\u00f3rcio, voc\u00ea paga uma parcela mensal menor do que os financiamentos convencionais, pois n\u00e3o h\u00e1 cobran\u00e7a de juros, apenas uma taxa administrativa, que est\u00e1 dentro do or\u00e7amento e bolso do cliente . \u00c9 um investimento seguro e a forma mais econ\u00f4mica e inteligente de compra do seu New Holland.<\/p>\n<p style=\"text-align: justify; font-size: 18px;\">Solicite uma simula\u00e7\u00e3o, v\u00e1 at\u00e9 uma concession\u00e1ria do Grupo M\u00f3dulo e veja o quanto est\u00e1 pr\u00f3ximo a realiza\u00e7\u00e3o do seu sonho, no mundo do agroneg\u00f3cio.<\/p>\n<p style=\"text-align: justify; font-size: 18px;\">Seja qual for sua necessidade, seu sucesso passa pela New Holland!<\/p>\n<p><img decoding=\"async\" data-src=\"http:\/\/www.grupomodulo.com.br\/novo\/wp-content\/uploads\/2017\/12\/trator-1.jpg\" src=\"data:image\/svg+xml;base64,PHN2ZyB3aWR0aD0iMSIgaGVpZ2h0PSIxIiB4bWxucz0iaHR0cDovL3d3dy53My5vcmcvMjAwMC9zdmciPjwvc3ZnPg==\" class=\"lazyload\" style=\"--smush-placeholder-width: 615px; --smush-placeholder-aspect-ratio: 615\/410;\" \/><img decoding=\"async\" data-src=\"http:\/\/www.grupomodulo.com.br\/novo\/wp-content\/uploads\/2017\/12\/trator-2.jpg\" src=\"data:image\/svg+xml;base64,PHN2ZyB3aWR0aD0iMSIgaGVpZ2h0PSIxIiB4bWxucz0iaHR0cDovL3d3dy53My5vcmcvMjAwMC9zdmciPjwvc3ZnPg==\" class=\"lazyload\" style=\"--smush-placeholder-width: 615px; --smush-placeholder-aspect-ratio: 615\/410;\" \/><\/p>\n<h2 class=\"font-20 uppercase montserrat weight-bold mb-20\" style=\"text-align: center;\">Contato<\/h2>\n<p style=\"text-align: center; font-size: 24px;\">Coordenador: Leandro Moreira<\/p>\n<p>Telefone: (77) 98102 8676<\/p>\n<p>Email: consorcionh@grupomodulo.com.br<\/p>\n<p>Endere\u00e7o:Av. Barlolomeu de Gusm\u00e3o, 311 centro, Vit\u00f3ria da Conquista-BA \u2013 CEP: 44.023-000<\/p>\n<p><!-- e56e28852b07d0151b49f2af43e5f4f6 --><\/p>\n","protected":false},"excerpt":{"rendered":"<p>Cons\u00f3rcio New Holland Adaptando-se ao mercado em que atua e criando m\u00faltiplas facilidades a cada per\u00edodo que atravessa, o cons\u00f3rcio New Holland posiciona-se em lugar de destaque, por ser a certeza do melhor neg\u00f3cio. No cons\u00f3rcio, voc\u00ea paga uma parcela mensal menor do que os financiamentos convencionais, pois n\u00e3o h\u00e1 cobran\u00e7a de juros, apenas uma<a class=\"read-btn hvr-right more-link\" href=\"https:\/\/www.grupomodulo.com.br\/novo\/consorcio-new-holland\/\">Leia Mais<\/a><\/p>\n","protected":false},"author":1,"featured_media":0,"parent":0,"menu_order":0,"comment_status":"closed","ping_status":"closed","template":"","meta":{"footnotes":""},"class_list":["post-376","page","type-page","status-publish","hentry"],"_links":{"self":[{"href":"https:\/\/www.grupomodulo.com.br\/novo\/wp-json\/wp\/v2\/pages\/376","targetHints":{"allow":["GET"]}}],"collection":[{"href":"https:\/\/www.grupomodulo.com.br\/novo\/wp-json\/wp\/v2\/pages"}],"about":[{"href":"https:\/\/www.grupomodulo.com.br\/novo\/wp-json\/wp\/v2\/types\/page"}],"author":[{"embeddable":true,"href":"https:\/\/www.grupomodulo.com.br\/novo\/wp-json\/wp\/v2\/users\/1"}],"replies":[{"embeddable":true,"href":"https:\/\/www.grupomodulo.com.br\/novo\/wp-json\/wp\/v2\/comments?post=376"}],"version-history":[{"count":9,"href":"https:\/\/www.grupomodulo.com.br\/novo\/wp-json\/wp\/v2\/pages\/376\/revisions"}],"predecessor-version":[{"id":1239,"href":"https:\/\/www.grupomodulo.com.br\/novo\/wp-json\/wp\/v2\/pages\/376\/revisions\/1239"}],"wp:attachment":[{"href":"https:\/\/www.grupomodulo.com.br\/novo\/wp-json\/wp\/v2\/media?parent=376"}],"curies":[{"name":"wp","href":"https:\/\/api.w.org\/{rel}","templated":true}]}}