{"id":494,"date":"2017-12-06T10:58:20","date_gmt":"2017-12-06T12:58:20","guid":{"rendered":"http:\/\/www.grupomodulo.com.br\/novo\/?page_id=494"},"modified":"2017-12-11T18:06:49","modified_gmt":"2017-12-11T20:06:49","slug":"pergunte-ao-agronomo","status":"publish","type":"page","link":"https:\/\/www.grupomodulo.com.br\/novo\/pergunte-ao-agronomo\/","title":{"rendered":"Pergunte ao Agr\u00f4nomo"},"content":{"rendered":"<div class=\"fw-page-builder-content\">\n<h1 class=\"font-36 weight-bold montserrat uppercase white-color mb-20\">Pergunte ao Agr\u00f4nomo<\/h1>\n<h1 class='fw-special-title'>Pergunte ao Agr\u00f4nomo<\/h1>\n<p> Envie sua pergunta para equipe<\/p>\n<p> Seu nome (obrigat\u00f3rio)\n <\/p>\n<p> Seu e-mail (obrigat\u00f3rio)\n <\/p>\n<p> Telefone (obrigat\u00f3rio)\n <\/p>\n<p> Cidade (obrigat\u00f3rio)\n <\/p>\n<p> Culturas\n <\/p>\n<p> Pergunta (obrigat\u00f3rio)\n <\/p>\n<\/p>\n<p><!-- 6b1e17cd64fccfe8ff102cc6d6020625 --><\/div>\n","protected":false},"excerpt":{"rendered":"<p>Pergunte ao Agr\u00f4nomo Pergunte ao Agr\u00f4nomo Envie sua pergunta para equipe Seu nome (obrigat\u00f3rio) Seu e-mail (obrigat\u00f3rio) Telefone (obrigat\u00f3rio) Cidade (obrigat\u00f3rio) Culturas Pergunta (obrigat\u00f3rio)<\/p>\n","protected":false},"author":1,"featured_media":0,"parent":0,"menu_order":0,"comment_status":"closed","ping_status":"closed","template":"","meta":{"footnotes":""},"class_list":["post-494","page","type-page","status-publish","hentry"],"_links":{"self":[{"href":"https:\/\/www.grupomodulo.com.br\/novo\/wp-json\/wp\/v2\/pages\/494","targetHints":{"allow":["GET"]}}],"collection":[{"href":"https:\/\/www.grupomodulo.com.br\/novo\/wp-json\/wp\/v2\/pages"}],"about":[{"href":"https:\/\/www.grupomodulo.com.br\/novo\/wp-json\/wp\/v2\/types\/page"}],"author":[{"embeddable":true,"href":"https:\/\/www.grupomodulo.com.br\/novo\/wp-json\/wp\/v2\/users\/1"}],"replies":[{"embeddable":true,"href":"https:\/\/www.grupomodulo.com.br\/novo\/wp-json\/wp\/v2\/comments?post=494"}],"version-history":[{"count":4,"href":"https:\/\/www.grupomodulo.com.br\/novo\/wp-json\/wp\/v2\/pages\/494\/revisions"}],"predecessor-version":[{"id":956,"href":"https:\/\/www.grupomodulo.com.br\/novo\/wp-json\/wp\/v2\/pages\/494\/revisions\/956"}],"wp:attachment":[{"href":"https:\/\/www.grupomodulo.com.br\/novo\/wp-json\/wp\/v2\/media?parent=494"}],"curies":[{"name":"wp","href":"https:\/\/api.w.org\/{rel}","templated":true}]}}